at is 17 + (30 - (45 + -13))?
15
Calculate 22 + 5 - (-7 - -23).
11
-4 - 0 - ((-6 - -6) + 8)
-12
Calculate -10 + (-5 + 15 - -20).
20
What is the value of 5 + -7 - (35 - 23)?
-14
-3 - (-1 + 5 - (7 - (-4 + 1)))
3
Calculate -12 + (5 - (2 - -1)) + -4 + 7.
-7
What is -27 + (12 - 3) - -1?
-17
What is the value of 14 + (-9 - 5) + 7?
7
What is the value of (-5 - -1 - (18 - 22)) + 3?
3
What is the value of -6 - (-12 - (-8 - 13))?
-15
5 + -35 + 16 + 30
16
What is the value of (2 - -4 - (23 + -14)) + 4?
1
What is the value of (-4 - -1) + -10 + 1?
-12
What is the value of (-8 - -46) + -10 + -23?
5
(0 + -14 - 0) + (367 - 373)
-20
(-73 + 80 - (2 + (2 - -2))) + -5
-4
What is the value of (-35 + -2 - (-45 + 40)) + (0 - -3)?
-29
Calculate -5 + (8 - 7) + (-9 - -2).
-11
What is the value of 16 - 17 - -11 - 2?
8
What is (-9 - -18) + -14 - 3 - -21?
13
2 + -14 + (-21 - -24) + -8
-17
Calculate (-137 - -172) + (-1 - 37).
-3
Evaluate -24 + (7 - 12) + 5 + 3.
-21
Evaluate -1 + 20 - (-14 + 31 + 10).
-8
What is the value of 32 + -25 + -29 + 3?
-19
139 + -149 - (-1 + -8)
-1
Calculate 9 + (15 - (21 + (-21 - -11))).
13
7 + 3 + 9 + -23
-4
Evaluate (4 - -3) + -1 + (2 - 9) + 20.
19
What is the value of -4 + 22 + -10 + -14?
-6
Calculate 2 - -43 - (-357 + 377).
25
-17 - (22 + 0 - 30)
-9
Calculate -1 + -5 + 17 - 16.
-5
What is 40 - (1 - (-6 + -35))?
-2
What is the value of (2 - -1 - 4 - (-24 - -37)) + 1?
-13
18 - (2 + 1 - (3 + -9 - -3))
12
What is the value of -117 + 89 + (-2 - -41)?
11
(-4 - (-2 + 9 + -8)) + -4
-7
What is the value of 10 + 0 - (-41 - -43)?
8
What is (-12 - (5 + -9)) + 37 + -34?
-5
What is (215 - 223) + (7 - (-4 + 2))?
1
-24 + 0 - (-49 - (0 + -49))
-24
-8 + (3 - 21) + 20 + -23
-29
What is the value of -2 - -9 - (6 - -2) - -9?
8
What is the value of (1 - 3) + (0 + 1 - (-28 - -26))?
1
What is (-27 + 3 - -4) + 4 + 7 + -12?
-21
What is the value of 15 + 10 - (13 - -1)?
11
(5 - 13 - 3) + 8 + 3 + -11
-11
What is the value of -2 + -12 + 6 + -3 + 1?
-10
Evaluate 44 - (14 - 0 - -13).
17
Evaluate -5 + 10 + -16 + 16.
5
Calculate -1153 - -1134 - (-2 + -4 - (-3 - -2)).
-14
Evaluate (-4 - -11 - 0) + (0 - -12).
19
28 + -43 + (6 - 1) + -11
-21
3 - (-5 - (6 + 0 - (-56 + 60)))
10
Calculate -119 + 102 - (-2 - (-3 - -5 - 2)).
-15
Evaluate 1 - ((-6 - (18 + -29)) + (-5 - -1)).
0
Calculate 1 + (11 - 4) - (-134 - -130).
12
Calculate -16 + 38 + -28 - (6 - 0) - 7.
-19
What is (-4 - (-4 + 10 - 9)) + (4 - -2)?
5
What is 16 + -7 + -10 + -11 + 0 + 1?
-11
What is the value of (10 - 9) + (-1 - -4) - (-7 + 13)?
-2
Evaluate -1 - 3 - (-17 + 1 + 4 + -3).
11
Evaluate 41 - ((-37 - -41) + 1 + 1 + 2).
33
What is (68 - 68) + 1 + -6?
-5
Evaluate -29 + (10 - (13 + -4 + -3) - -2).
-23
Calculate -8 - ((7 - (8 + (-9 - -1))) + 0).
-15
What is 10 + -8 + (5 - (-5 - 2) - 8)?
6
187 + -198 - (1 + 1 - -24)
-37
Calculate (0 + 34 - 7) + -16.
11
Calculate -2 + -4 + (-18 - -21) + -9.
-12
What is -7 + -10 - (-22 + 14)?
-9
Calculate (-1 - (8 + 4 + -7)) + 6 + -5.
-5
What is the value of 13 + (-1 - -14 - 23) + -14?
-11
Calculate 10 + (10 - 14) + -8.
-2
What is the value of 20 + -6 + (5 - 24) + 11 + 14?
20
What is ((10 - 19) + -1 - 0) + -22 + -1?
-33
Evaluate -19 + 6 + (-8 + 8 - -3) - -4.
-6
(-6 - (5 - 6)) + (2 - (1 + -4))
0
Evaluate (-5 - (-21 - -6) - 3) + 3 + 11.
21
What is 4 + -7 + 2 + 0 + 0 + 12?
11
What is -4 - (0 + 18 + -25)?
3
What is -8 + 17 + 26 + -12?
23
What is (-1 - 5) + (11 - (7 - -2)) + 16?
12
11 - (-17 - (1 - 1) - -61)
-33
What is 5 + 11 + 16 + -43?
-11
Evaluate (-23 + -8 - -13) + 45.
27
Calculate 15 - (7 - -40 - (4 + 8)).
-20
What is -22 - -4 - -26 - (-2 - -8)?
2
Evaluate (-16 - (-16 + -13 + -14)) + -4.
23
What is the value of (46 - (118 + -46)) + (0 - -10)?
-16
1 - 15 - (-53 + -15 + 56)
-2
What is the value of (30 - (15 + 20) - (-8 - -1)) + 8?
10
What is 3 + -19 + (-44 - -45) + 16?
1
11 - (2 - 22 - -39)
-8
What is 7 - 1 - (10 - (1 - -2) - 9)?
8
Evaluate (39 - 49) + (7 - (8 + -3)).
-8
What is -22 + 7 + 29 + -33?
-19
What is the value of -19 + 10 + 2 + (-3 + -2 - -12)?
0
Evaluate 10 + -4 + (1 - (4 - -1)) + 4.
6
What is the value of -17 - ((-19 - -54) + -18 + 3)?
-37
Evaluate -24 - (-17 + 5 + -19) - (-8 - 1).
16
What is the value of -4 - (14 - 3) - -4?
-11
What is 2 + 5 + (0 - 3) - (31 - 34)?
7
Evaluate -47 - -19 - (16 + (0 - 8) - -4).
-40
What is (30 - (-30 - -55)) + 32?
37
Evaluate (-2 - 0) + 15 + 28 + 4 + -28.
17
Calculate (9 - 2) + -10 - (4 + 0 + -22).
15
What is the value of -2 + -5 + 120 + -103?
10
-22 + 2 - -37 - 37
-20
What is (19 + -13 - -2) + 7?
15
2 + -1 + -17 + 11 + 6 - 8
-7
Evaluate -3 + (1 + 6 - (21 - 15)).
-2
What is the value of 4 + -18 + (-4 - -5 - 6 - -6)?
-13
What is the value of (22 - (37 + -21)) + (0 - 19)?
-13
What is -9 - 1 - (3 + -4) - (-2217 + 2186)?
22
What is the value of 134 - 131 - (4 - 1)?
0
What is the value of 4 - (-5 - (8 - 0))?
17
Calculate -17 - (2 - 17) - (31 + 2).
-35
-20 - (-29 - (-28 + 10))
-9
What is the value of 1 - -6 - (11 - 9)?
5
What is the value of -18 - (6 + (-3 + 8 + -7 - 7))?
-15
What is -5 - (2 - -6 - 24)?
11
-6 + (1 - -1 - (10 - (19 + -8)))
-3
Calculate -3 - (4 + -1 - (25 + -35)).
-16
What is the value of 5 + (-3 - -2) + (7 - 23)?
-12
-7 + (11 - (20 + -9)) + -9
-16
What is -2 - (19 + -4) - -17?
0
Calculate 4 + -14 + -13 + 0 + 24.
1
Evaluate -13 - (1 + (-41 - -21)).
6
Calculate (26 - (25 + -29)) + -29.
1
-9 - (1 + 2 + (-22 - -14))
-4
Evaluate 5 + -10 + -1 - 4.
-10
What is 171 - 202 - (0 + -4)?
-27
What is (3 - (-33 + 8)) + 1 + -8 - -3?
24
Evaluate -10 + 9 + (40 - (-7 + (-8 - -23))).
31
Calculate 8 - (20 - 4 - 2).
-6
What is (8 - 6) + 1 + 15 + -1 - -7?
24
57 + -55 + 1 + (-9 - -3 - -3)
0
What is (0 - -43) + -297 + 270?
16
What is the value of (20 - (3 + 6 - 5)) + -4 + 2?
14
What is the value of -2 + -12 - (53 + -73)?
6
Calculate 2 + -20 + (-293 - -315).
4
Calculate -29 + 7 + 28 + 8.
14
-10 + 2 + -8 + (-5 - (-4 - 4))
-13
What is the value of (5 - (3 + 5)) + 4 + 5?
6
What is 33 - (-17 - (-26 + -5))?
19
What is 33 + -9 + -26 - (2 - 1 - -2)?
-5
Evaluate 3 - 2 - 7 - (-46 - -48).
-8
What is (-5 - 10) + (18 - -6)?
9
What is the value of -5 + (2 - 4) - -13 - 10?
-4
Calculate -1 - 0 - (100 - 96).
-5
-6 - 2 - (38 + -44)
-2
(-8 - ((0 - 0) + -4)) + 0
-4
Calculate 2 - (0 - (-4 - 1)) - (-1 + 2).
-4
Evaluate (10 + 0 - 0) + -10 + -10 - -28.
18
Calculate 6 + (-1 - -3) + (-7 - -4 - 4).
1
-20 - ((3 - 40) + 8)
9
What is 1 + 9 + -12 + (10 - 7)?
1
What is -22 + (-4 - -7) - (4 + -3)?
-20
Evaluate -44 + 66 - ((-5 - -2) + 17).
8
What is the value of -29 + (107 - 31) - 45?
2
What is the value of 6 + (-50 - -29) - (1 + -5)?
-11
Evaluate -20 + 22 + -11 - (15 + (2 - 1)).
-25
Calculate 49 + -19 + -24 + -23.
-17
Evaluate 2 + (14 - 5) + -9 + -8 + -21.
-27
Evaluate 1 + 27 + -10 + -6.
12
(2 - 0 - -7) + 27 + 10 + -41
5
Evaluate (-2 - -13) + -3 + -9 + 8.
7
-10 - (14 + -1 + (49 - 88))
16
8 - (1 + (1 + -3 - 5)) - 8
6
What is 3 + -3 - (9 + -13) - (-1 - -6)?
-1
Calculate 3 + (3 - 5) - (6 - (0 + 12)).
7
4 - (5 - (-14 - -13))
-2
What is the value of 7 - (-14 - -3) - 7 - -6?
17
Evaluate 1 + 0 - -6 - (-56 - (-33 + -28)).
2
What is the value of (0 + 7 - 22) + 19?
4
What is the value of (-3 - -3 - -5) + (-93 - -107)?
19
Calculate -8 + 34 + -1 + 18 + (-51 - -28).
20
Evaluate 31 - 32 - (1 + 6 + -3) - -2.
-3
Evaluate -35 + 0 - (-19 - 0).
-16
What is -6 + 0 - (33 + -18 + -26)?
5
What is the value of (-3 - 6) + (2 - 8)?
-15
What is the value of (8 - (-3 + (-5 - -3))) + 2?
15
9 + (-7 - (0 - -8)) - -7
1
26 + -11 + -37 + 39
17
Evaluate (5 + -5 - (7 - 10)) + 8.
11
Evaluate (-6 - -9) + -3 + -1 - (4 - -4).
-9
What is the value of -11 - ((9 - 3) + -10 + 6)?
-13
Calculate 2 + (9 - 0) - (-9 + -8 + 4).
24
Calculate (-1 - -2) + -6 + (10 - (-2 - -15)).
-8
Evaluate 1 + 34 + -5 - 17.
13
Evaluate -1 - -3 - (-9 - (3 + (-17 - -13))).
10
Calculate -4 + -39 - (-456 - -429).
-16
Calculate 3 - -4 - (0 + (-6 - -5 - -2)).
6
30 - (-40 + 88) - -35
17
(2 - 3) + (-8 - -2) - (-554 - -556)
-9
Evaluate 5 - (-7 + 0 - -12) - (1 - 2).
1
What is 19 + 1 + 5 + (-4 + -1 - -6)?
26
Calculate -2 - ((-8 + -19 - 3) + 11 - -1).
16
Calculate -1 + 16 - (200 + -189).
4
(-5 - 19 - (-6 + 2)) + 20 + -19
-19
Evaluate -1 + (-1 - 1) + (7 - 5).
-1
-19 - -22 - (5 - 4) - -3
5
What is the value of 23 + -1 + 5 + -7 + -27 + 19?
12
What is 12 - 13 - (4 + (-20 - -1))?
